9901.
3, 1721, 3527
List the prime factors of 31771078.
2, 19, 251, 3331
What are the prime factors of 216498?
2, 3, 36083
List the prime factors of 1207922.
2, 61, 9901
List the prime factors of 4914248.
2, 547, 1123
What are the prime factors of 346473?
3, 137, 281
What are the prime factors of 967608?
2, 3, 89, 151
List the prime factors of 351248.
2, 29, 757
List the prime factors of 537073.
19, 23, 1229
List the prime factors of 2008424.
2, 11, 29, 787
What are the prime factors of 10503665?
5, 2100733
List the prime factors of 3364048.
2, 167, 1259
What are the prime factors of 184405?
5, 13, 2837
List the prime factors of 3073325.
5, 269, 457
What are the prime factors of 3505728?
2, 3, 19, 31
List the prime factors of 312846.
2, 3, 23, 2267
What are the prime factors of 21436703?
109, 193, 1019
What are the prime factors of 304945?
5, 71, 859
List the prime factors of 530390.
2, 5, 7, 7577
What are the prime factors of 119939?
31, 53, 73
List the prime factors of 31035.
3, 5, 2069
What are the prime factors of 3923785?
5, 19, 103, 401
What are the prime factors of 142425?
3, 5, 211
What are the prime factors of 596833?
53, 11261
List the prime factors of 31499507.
13, 2423039
What are the prime factors of 2126138?
2, 7, 19, 7993
What are the prime factors of 10351011?
3, 11, 17, 18451
List the prime factors of 372931.
13, 28687
List the prime factors of 3182808.
2, 3, 17, 29, 269
List the prime factors of 845005.
5, 7, 3449
What are the prime factors of 285678?
2, 3, 59, 269
List the prime factors of 3076328.
2, 19, 37, 547
What are the prime factors of 333753?
3, 7, 23, 691
What are the prime factors of 3300823?
3300823
What are the prime factors of 331405?
5, 79, 839
What are the prime factors of 247342?
2, 19, 23, 283
What are the prime factors of 201404?
2, 7, 7193
What are the prime factors of 257763?
3, 11, 73, 107
List the prime factors of 95527.
95527
What are the prime factors of 250270?
2, 5, 29, 863
List the prime factors of 33926.
2, 16963
What are the prime factors of 999358?
2, 499679
List the prime factors of 6648750.
2, 3, 5, 197
What are the prime factors of 8836?
2, 47
List the prime factors of 479255.
5, 7, 13693
List the prime factors of 2459833.
163, 15091
What are the prime factors of 1647696?
2, 3, 34327
What are the prime factors of 6627795?
3, 5, 23, 19211
What are the prime factors of 134562?
2, 3, 41, 547
List the prime factors of 11142150.
2, 3, 5, 59, 1259
What are the prime factors of 18168356?
2, 31, 146519
List the prime factors of 61879.
61879
What are the prime factors of 4219543?
197, 21419
What are the prime factors of 12905?
5, 29, 89
What are the prime factors of 12805310?
2, 5, 7, 182933
What are the prime factors of 10729598?
2, 11, 487709
List the prime factors of 297701.
41, 53, 137
List the prime factors of 3166538.
2, 53, 29873
List the prime factors of 1228739.
823, 1493
What are the prime factors of 2064609?
3, 71, 359
List the prime factors of 589458.
2, 3, 17, 5779
What are the prime factors of 2530129?
7, 361447
List the prime factors of 213748.
2, 53437
What are the prime factors of 13229481?
3, 29, 152063
What are the prime factors of 4667861?
11, 424351
What are the prime factors of 229651?
29, 7919
List the prime factors of 23299501.
1571, 14831
What are the prime factors of 1354361?
1354361
What are the prime factors of 1429269?
3, 476423
What are the prime factors of 947522?
2, 473761
List the prime factors of 7347186.
2, 3, 7, 11, 19, 31
What are the prime factors of 10765912?
2, 107, 12577
What are the prime factors of 1476183?
3, 492061
List the prime factors of 1118684.
2, 7, 39953
List the prime factors of 4947983.
139, 35597
What are the prime factors of 1999549?
1999549
List the prime factors of 813276.
2, 3, 19, 29, 41
List the prime factors of 751598.
2, 375799
What are the prime factors of 272582?
2, 73, 1867
List the prime factors of 2035281.
3, 41, 16547
What are the prime factors of 12561?
3, 53, 79
What are the prime factors of 5477822?
2, 7, 391273
What are the prime factors of 31092087?
3, 13, 67, 73, 163
List the prime factors of 1274224.
2, 7, 31, 367
List the prime factors of 1563795.
3, 5, 19, 31, 59
List the prime factors of 170431.
131, 1301
List the prime factors of 10405626.
2, 3, 7, 11, 101, 223
What are the prime factors of 891761?
13, 68597
What are the prime factors of 6915876?
2, 3, 11, 433
What are the prime factors of 5413905?
3, 5, 7, 17, 337
What are the prime factors of 173688?
2, 3, 7237
What are the prime factors of 8585816?
2, 17, 63131
List the prime factors of 2234640.
2, 3, 5, 9311
What are the prime factors of 1272871?
617, 2063
What are the prime factors of 555294?
2, 3, 19, 4871
What are the prime factors of 3117539?
19, 71, 2311
List the prime factors of 744854.
2, 11, 33857
List the prime factors of 8752435.
5, 43, 40709
What are the prime factors of 2441857?
11, 221987
What are the prime factors of 11359544?
2, 7, 109, 1861
What are the prime factors of 21950592?
2, 3, 57163
What are the prime factors of 3392774?
2, 7, 11, 22031
List the prime factors of 92241.
3, 37, 277
List the prime factors of 889091.
7, 157, 809
List the prime factors of 235225.
5, 97
What are the prime factors of 1248815?
5, 249763
What are the prime factors of 1022702?
2, 511351
List the prime factors of 1151767.
17, 67751
List the prime factors of 235357.
37, 6361
List the prime factors of 311523.
3, 103841
What are the prime factors of 3346275?
3, 5, 44617
What are the prime factors of 1195169?
1195169
List the prime factors of 13022606.
2, 6511303
List the prime factors of 36068.
2, 71, 127
List the prime factors of 2702309.
2702309
What are the prime factors of 6888685?
5, 1377737
List the prime factors of 1202513.
13, 233, 397
List the prime factors of 576121.
7, 13, 487
List the prime factors of 5517209.
5517209
What are the prime factors of 229445?
5, 109, 421
List the prime factors of 352872.
2, 3, 13, 29
What are the prime factors of 4314291?
3, 1438097
What are the prime factors of 6092143?
6092143
List the prime factors of 8852558.
2, 11, 13, 2381
List the prime factors of 13593043.
13593043
List the prime factors of 2432098.
2, 59, 20611
List the prime factors of 10495380.
2, 3, 5, 7, 24989
What are the prime factors of 982633?
982633
List the prime factors of 36293.
36293
List the prime factors of 580846.
2, 7, 5927
What are the prime factors of 6122816?
2, 7, 79, 173
List the prime factors of 11529458.
2, 31, 185959
What are the prime factors of 15314051?
15314051
List the prime factors of 3830309.
7, 131, 4177
List the prime factors of 20981999.
20981999
What are the prime factors of 168249?
3, 17, 3299
What are the prime factors of 170494?
2, 85247
List the prime factors of 11144631.
3, 127, 29251
List the prime factors of 1279777.
17, 83, 907
What are the prime factors of 2730237?
3, 659, 1381
List the prime factors of 203657.
203657
List the prime factors of 3823761.
3, 239, 5333
List the prime factors of 21651893.
29, 281, 2657
List the prime factors of 218520.
2, 3, 5, 607
List the prime factors of 2301985.
5, 7, 89, 739
List the prime factors of 1551750.
2, 3, 5, 2069
List the prime factors of 18123.
3, 7, 863
List the prime factors of 20337658.
2, 11, 23, 40193
What are the prime factors of 220312?
2, 27539
What are the prime factors of 3033866?
2, 11, 239, 577
What are the prime factors of 1638175?
5, 7, 11, 23, 37
What are the prime factors of 281344?
2, 7, 157
What are the prime factors of 127758?
2, 3, 107, 199
What are the prime factors of 1291838?
2, 397, 1627
What are the prime factors of 1593259?
61, 26119
List the prime factors of 8440301.
41, 5021
List the prime factors of 2470295.
5, 557, 887
List the prime factors of 24556642.
2, 11, 103, 10837
List the prime factors of 5499531.
3, 19, 29, 1109
What are the prime factors of 12576622?
2, 6288311
What are the prime factors of 12490315?
5, 19, 131477
List the prime factors of 62293.
7, 11, 809
List the prime factors of 215574.
2, 3, 19, 31, 61
What are the prime factors of 966303?
3, 13, 2753
What are the prime factors of 117929?
7, 17, 991
What are the prime factors of 29287072?
2, 915221
What are the prime factors of 199488?
2, 3, 1039
What are the prime factors of 1035889?
3